- 19*u + 15. What is l(1)?
-88
Let b(h) = -3*h**2 - 34*h - 260. Give b(-17).
-549
Let s(f) = 50*f + 12. Calculate s(1).
62
Let w(n) = n**3 - 2*n**2 - 6*n + 35. Determine w(7).
238
Let w(s) = -s**3 - 10*s**2 + 22*s + 82. What is w(-5)?
-153
Let y(n) = n**2 + 72*n + 261. Calculate y(-4).
-11
Let v(q) = q**2 - 1186*q + 1189. Determine v(1).
4
Let a(s) = 2*s**3 - 6*s**2 - 3*s + 9. Calculate a(3).
0
Let i(j) = 946*j - 7570. Calculate i(8).
-2
Let a(z) = -30*z + 325. Calculate a(16).
-155
Let h(x) = 109*x - 952. Calculate h(9).
29
Let o(b) = 45*b - 168. What is o(15)?
507
Let g(j) = -3*j**3 - 36*j**2 - j + 10. What is g(-12)?
22
Let p(w) = -2*w**2 - 172*w + 182. Give p(1).
8
Let q(x) = 102*x - 488. Determine q(5).
22
Let l(s) = 28*s + 1381. What is l(-49)?
9
Let g(j) = 564*j + 622. Calculate g(-1).
58
Let w(o) = -o**3 - 63*o**2 + 2*o + 119. Give w(-63).
-7
Let m(l) = 18*l**2 + 89*l - 29. What is m(-5)?
-24
Let b(c) = -11*c - 129. Determine b(-11).
-8
Let u(z) = 260*z - 1285. Give u(5).
15
Let y(f) = -2878*f - 8631. Calculate y(-3).
3
Let y(b) = -b**3 - 2*b**2 + 4*b - 7. What is y(4)?
-87
Let v(r) = -410*r + 413. What is v(1)?
3
Let i(m) = -112*m - 1699. Give i(-15).
-19
Let x(m) = 171*m + 1887. Give x(-11).
6
Let x(k) = -k**3 - 54*k**2 - 36*k + 271. Give x(-53).
-630
Let h(j) = 94*j + 2747. Calculate h(-29).
21
Let v(t) = -4*t**3 - 48*t**2 + 15*t + 178. Give v(-12).
-2
Let z(o) = 19*o - 989. Determine z(36).
-305
Let k(d) = -566*d + 2783. Calculate k(5).
-47
Let u(v) = 10*v**2 + 6*v - 14. Calculate u(3).
94
Let l(x) = x**3 + 5*x**2 - 1883*x - 9411. Determine l(-5).
4
Let l(q) = 87*q + 694. What is l(-8)?
-2
Let n(p) = -21*p - 140. Calculate n(-4).
-56
Let c(t) = -t**3 + 17*t**2 + 348*t. Determine c(29).
0
Let g(w) = 5*w**2 - 567*w + 11784. Determine g(86).
2
Let t(n) = n**3 + 6*n**2 - 21*n - 61. Determine t(-9).
-115
Let v(t) = -t**3 + 3*t**2 + 23*t - 93. Give v(6).
-63
Let i(a) = 2*a**3 - 15*a**2 + 64*a - 298. Determine i(6).
-22
Let n(l) = -969*l + 7747. Give n(8).
-5
Let p(v) = -1323*v - 17216. Give p(-13).
-17
Let q(a) = -3*a**2 - 14*a + 81. What is q(-8)?
1
Let c(a) = -a**3 - 50*a**2 - 264*a - 16. What is c(-6)?
-16
Let u(v) = -240*v + 226. Determine u(1).
-14
Let q(l) = l**2 + 69*l + 735. Calculate q(-56).
7
Let r(l) = 36*l**3 - l**2 + 177*l - 177. Give r(1).
35
Let f(w) = 130*w - 45. What is f(-1)?
-175
Let n(a) = -15*a - 2620. Determine n(-178).
50
Let c(m) = -m**2 - 108*m - 1269. Give c(-93).
126
Let k(r) = 15*r**2 - 633*r - 3. What is k(0)?
-3
Let w(l) = -2664*l + 42620. Determine w(16).
-4
Let n(p) = -74*p - 7244. Determine n(-99).
82
Let n(g) = -g**3 - 33*g**2 - 83*g + 215. Give n(-30).
5
Let n(p) = -p**3 - 13*p**2 - 15*p - 169. What is n(-13)?
26
Let t(z) = z**3 - 4*z**2 + 11. Calculate t(3).
2
Let r(z) = -75*z - 3252. Determine r(-43).
-27
Let i(z) = z**2 + 744*z + 10928. Give i(-15).
-7
Let g(x) = x**3 + 10*x**2 + 4*x + 30. What is g(-6)?
150
Let g(y) = 858*y + 36031. What is g(-42)?
-5
Let o(s) = s**3 + 10*s**2 - 2*s - 130. Give o(-9).
-31
Let n(r) = 75*r**2 + 225*r - 224. Determine n(1).
76
Let d(t) = -t**2 + 13*t + 213. Give d(22).
15
Let t(b) = -79*b + 328. Determine t(4).
12
Let s(k) = -2*k**2 + 30*k + 654. Determine s(27).
6
Let x(y) = 1089*y + 28304. Determine x(-26).
-10
Let b(l) = l**3 + 72*l**2 + 983*l - 464. Determine b(-19).
-8
Let k(t) = -397*t - 1995. Give k(-5).
-10
Let h(n) = n**3 - 19*n**2 + 5*n + 27. What is h(18)?
-207
Let w(c) = -114*c - 468. What is w(-4)?
-12
Let m(r) = r**3 - 64*r**2 - r + 67. Determine m(64).
3
Let u(r) = -1269*r + 1274. What is u(1)?
5
Let g(h) = -49*h**2 - 571*h + 203. Give g(-12).
-1
Let b(o) = -o**3 - 5*o**2 + 132*o + 872. Give b(-9).
8
Let i(j) = 78*j - 6157. What is i(79)?
5
Let s(v) = -36*v**2 - 2913*v + 269. Determine s(-81).
26
Let t(r) = 4*r**3 - 29*r**2 + 21*r - 105. What is t(7)?
-7
Let v(d) = 50*d - 303. Calculate v(6).
-3
Let g(r) = -r**3 + 8*r**2 - 26*r + 33. What is g(8)?
-175
Let i(b) = -3*b**2 - 118*b + 339. Calculate i(-42).
3
Let t(m) = -127*m + 889. Calculate t(6).
127
Let q(s) = -s**3 - 26*s**2 + 31*s + 99. What is q(-27)?
-9
Let u(s) = -s**2 + 56. Give u(11).
-65
Let o(j) = j**3 + 2*j**2 + 5*j - 14. Determine o(-3).
-38
Let c(b) = b**3 + 17*b**2 - 21*b - 48. Determine c(-18).
6
Let g(u) = -62*u - 15. Calculate g(9).
-573
Let y(u) = u**3 + 3*u**2 + 149*u + 441. What is y(-3)?
-6
Let k(z) = -z**3 - 7*z**2 + 96*z - 12. Calculate k(7).
-26
Let r(o) = o**3 - 22*o**2 + 22*o + 180. What is r(20)?
-180
Let n(u) = u**3 - 4*u**2 + 12*u - 11. What is n(4)?
37
Let d(x) = -x**3 + 8*x**2 + 69*x - 536. Give d(7).
-4
Let b(g) = -g**3 + 43*g**2 + 45*g - 81. Determine b(44).
-37
Let j(f) = -10*f**2 + 90*f - 27. Calculate j(8).
53
Let r(a) = a**3 - 15*a**2 - 23*a + 21. Give r(16).
-91
Let v(y) = 154*y - 907. Calculate v(6).
17
Let p(v) = -v**3 - 63*v**2 - 118*v + 251. Calculate p(-61).
7
Let n(o) = -18*o**2 - 600*o + 421. What is n(-34)?
13
Let w(m) = -2*m**2 - 43*m - 341. Calculate w(-8).
-125
Let g(a) = a - 10. Give g(37).
27
Let z(m) = -3*m**3 - 13*m**2 - 6*m - 39. Calculate z(-6).
177
Let c(a) = 74*a - 2964. What is c(40)?
-4
Let z(d) = 2*d**3 - 102*d**2 - 3*d + 175. What is z(51)?
22
Let z(o) = 5*o - 417. What is z(82)?
-7
Let a(t) = t + 207. Determine a(-47).
160
Let y(t) = -t**3 - 25*t**2 - 22*t + 105. Determine y(-24).
57
Let t(l) = -l**2 - 555*l - 8663. Calculate t(-16).
-39
Let k(x) = -17*x - 2. Calculate k(-3).
49
Let d(v) = -v**3 - 91*v**2 - 347*v + 93. Calculate d(-87).
6
Let i(x) = x**2 - 106*x - 623. Calculate i(0).
-623
Let g(o) = 4*o - 3. What is g(25)?
97
Let r(z) = -z**3 + 11*z**2 + 121*z - 1312. Give r(12).
-4
Let j(m) = -m**2 + 24*m - 182. What is j(7)?
-63
Let q(w) = -5*w**2 + 59*w + 960. What is q(21)?
-6
Let k(m) = m**3 + 11*m**2 - m - 152. Calculate k(-6).
34
Let i(g) = -g**2 - 1771*g - 26. What is i(0)?
-26
Let l(q) = 3171*q - 6520. What is l(2)?
-178
Let z(t) = 2*t**3 - 118*t**2 + 328*t + 458. Determine z(56).
10
Let k(t) = 141*t - 985. Determine k(7).
2
Let k(c) = 10*c**2 + 49*c + 144. Give k(-3).
87
Let a(h) = 16*h - 226. Calculate a(10).
-66
Let z(l) = 25*l + 1036. Give z(-42).
-14
Let s(w) = -2*w**2 - 6*w + 90. Calculate s(-25).
-1010
Let h(g) = -g**2 + 69*g + 1185. Give h(-15).
-75
Let h(y) = -3165*y + 66465. Give h(21).
0
Let r(h) = -2*h**3 - 55*h**2 - 125*h - 7. Calculate r(-25).
-7
Let s(r) = 223*r + 417. Give s(-2).
-29
Let b(l) = -l**2 + 22*l - 25. What is b(22)?
-25
Let y(i) = -3*i**2 - 7*i - 56. Give y(-7).
-154
Let n(k) = -138*k + 11720. What is n(85)?
-10
Let d(f) = -918*f + 64231. Calculate d(70).
-29
Let o(p) = -p**3 - 12*p**2 + 54*p - 41. Calculate o(-15).
-176
Let y(u) = -u**3 - 50*u**2 - 364*u - 1175. Determine y(-42).
1
Let v(b) = b**3 - 8*b**2 - 4*b + 92. Give v(5).
-3
Let h(m) = -108*m + 719. What is h(6)?
71
Let z(p) = 3*p**2 - 83*p + 547. Determine z(18).
25
Let k(f) = -27*f - 648. Give k(-8).
-432
Let o(f) = -163*f + 7. What is o(0)?
7
Let q(z) = z**3 + 18*z**2 + 2*z - 79. Calculate q(-15).
566
Let h(u) = -83*u + 546. Calculate h(6).
48
Let q(s) = -s**2 - 60*s + 573. What is q(8)?
29
Let l(i) = i**3 - 10*i**2 + 82*i - 634. Determine l(9).
23
Let j(m) = m**3 - 9*m**2 - 11*m + 35. Determine j(4).
-89
Let h(i) = 129*i**2 - 1037*i + 26. Give h(8).
-14
Let m(l) = -5*l**3 - 3*l**2 - 27*l + 89. Determine m(3).
-154
Let f(x) = -5*x**2 + 202*x - 274. Calculate f(39).
-1
Let i(s) = 12*s**2 - 878*s + 120. Calculate i(73).
-26
Let y(x) = -120*x - 4570. Give y(-38).
-10
Let d(r) = -r**3 - 15*r**2 - 16*r + 19. Give d(-13).
-111
Let p(r) = -23*r + 232. Calculate p(9).
25
Let m(c) = -363*c + 2172. Determine m(6).
-6
Let z(i) = -26*i + 93. Determine z(3).
15
Let d(o) = 78*o + 1354. Determine d(-18).
-50
Let w(o) = 7*o - 90. What is w(-21)?
-237
Let q(s) = -s**3 + 13*s**2 - 3. Determine q(13).
-3
Let v(s) = 20*s**2 + 31*s - 31. Give v(1).
20
Let x(n) = -n**3 - 38*n**2 - 37*n + 33. What is x(-37)?
33
Let p(h) = h**3 + 71*h**2 - 70*h + 148. Calculate p(-72).
4
Let s(o) = 35*o + 2529. Determine s(-76).
-131
Let t(d) = d**3 + 68*d**2 - 66*d + 296. Determine t(-69).
89
Let a(f) = -108*f - 432. Give a(-4).
0
Let o(m) = m**3 + 8*m**2 - 257*m - 76. Determine o(13).
132
Let t(f) = -54*f - 252. Give t(-12).
396
Let a(u) = u**3 - 9*u**2 + 4*u + 4. What is a(1)?
0